ist the prime factors of 1339261.
7, 11, 17393
List the prime factors of 150626.
2, 7, 29, 53
What are the prime factors of 157980?
2, 3, 5, 2633
List the prime factors of 22957467.
3, 13, 45281
What are the prime factors of 11210169?
3, 3736723
List the prime factors of 354169.
354169
List the prime factors of 15277822.
2, 7, 1091273
What are the prime factors of 9221337?
3, 239, 1429
What are the prime factors of 16980159?
3, 7, 808579
List the prime factors of 6576732.
2, 3, 182687
What are the prime factors of 1113628?
2, 19, 14653
What are the prime factors of 3383680?
2, 5, 17, 311
What are the prime factors of 12939727?
12939727
What are the prime factors of 1296576?
2, 3, 2251
List the prime factors of 535053.
3, 178351
What are the prime factors of 3166484?
2, 47, 16843
What are the prime factors of 10198075?
5, 407923
What are the prime factors of 22335788?
2, 5583947
List the prime factors of 12319408.
2, 769963
What are the prime factors of 20437674?
2, 3, 3406279
What are the prime factors of 165378?
2, 3, 43, 641
List the prime factors of 89278.
2, 7, 911
List the prime factors of 2236990.
2, 5, 7, 31957
List the prime factors of 1923336.
2, 3, 26713
What are the prime factors of 3971592?
2, 3, 227
List the prime factors of 3520416.
2, 3, 36671
List the prime factors of 293741.
7, 29, 1447
List the prime factors of 20873567.
11, 13, 145969
What are the prime factors of 1096120?
2, 5, 67, 409
List the prime factors of 155334.
2, 3, 25889
What are the prime factors of 4902009?
3, 7, 33347
List the prime factors of 1142806.
2, 7, 81629
List the prime factors of 920095.
5, 11, 16729
What are the prime factors of 183391?
13, 14107
What are the prime factors of 21385?
5, 7, 13, 47
List the prime factors of 2704345.
5, 7, 77267
List the prime factors of 3170293.
7, 353, 1283
List the prime factors of 1191312.
2, 3, 8273
What are the prime factors of 10747981?
397, 27073
List the prime factors of 5090308.
2, 1272577
What are the prime factors of 7279?
29, 251
List the prime factors of 712442.
2, 31, 11491
What are the prime factors of 1853836?
2, 463459
What are the prime factors of 282620?
2, 5, 13, 1087
List the prime factors of 51280.
2, 5, 641
What are the prime factors of 7421206?
2, 13, 47, 6073
List the prime factors of 12193212.
2, 3, 19, 53479
What are the prime factors of 991087?
281, 3527
What are the prime factors of 4446217?
4446217
List the prime factors of 153350.
2, 5, 3067
What are the prime factors of 27398?
2, 7, 19, 103
List the prime factors of 385690.
2, 5, 38569
List the prime factors of 415291.
601, 691
List the prime factors of 260442.
2, 3, 7, 13, 53
What are the prime factors of 673672?
2, 107, 787
List the prime factors of 930016.
2, 29063
What are the prime factors of 7177059?
3, 227, 1171
What are the prime factors of 16387844?
2, 11, 372451
What are the prime factors of 1977153?
3, 353, 1867
List the prime factors of 886218.
2, 3, 147703
What are the prime factors of 61832?
2, 59, 131
What are the prime factors of 14838835?
5, 11, 24527
What are the prime factors of 370197?
3, 13711
What are the prime factors of 16489228?
2, 7, 211, 2791
What are the prime factors of 2834031?
3, 944677
List the prime factors of 85189.
13, 6553
List the prime factors of 169002.
2, 3, 41, 229
List the prime factors of 7301848.
2, 373, 2447
List the prime factors of 312681.
3, 17, 6131
What are the prime factors of 654258?
2, 3, 11, 23, 431
List the prime factors of 23406646.
2, 317, 36919
List the prime factors of 226833.
3, 75611
What are the prime factors of 7966734?
2, 3, 1327789
What are the prime factors of 1418161?
1418161
List the prime factors of 35935600.
2, 5, 89839
What are the prime factors of 1639791?
3, 60733
What are the prime factors of 4255219?
17, 250307
What are the prime factors of 1244754?
2, 3, 7, 37, 89
List the prime factors of 115761.
3, 47, 821
List the prime factors of 716495.
5, 13, 73, 151
What are the prime factors of 190102?
2, 11, 8641
List the prime factors of 2090470.
2, 5, 23, 61, 149
List the prime factors of 211656.
2, 3, 8819
What are the prime factors of 111105?
3, 5, 823
What are the prime factors of 424620?
2, 3, 5, 7, 337
What are the prime factors of 5655064?
2, 706883
List the prime factors of 110631.
3, 36877
List the prime factors of 67471.
109, 619
List the prime factors of 12823125.
3, 5, 7, 977
What are the prime factors of 1477567?
7, 13, 1249
What are the prime factors of 2002289?
2002289
What are the prime factors of 14218560?
2, 3, 5, 4937
List the prime factors of 141251.
11, 12841
What are the prime factors of 1185564?
2, 3, 31, 3187
What are the prime factors of 5435261?
13, 31, 13487
List the prime factors of 123073.
23, 5351
What are the prime factors of 2285379?
3, 37, 6863
What are the prime factors of 4637194?
2, 2318597
What are the prime factors of 5561191?
271, 20521
What are the prime factors of 5469972?
2, 3, 455831
List the prime factors of 2823670.
2, 5, 41, 71, 97
List the prime factors of 71758.
2, 35879
List the prime factors of 4684336.
2, 19, 811
What are the prime factors of 2236678?
2, 1118339
List the prime factors of 357435.
3, 5, 13, 47
List the prime factors of 7384006.
2, 7, 75347
What are the prime factors of 665479?
665479
List the prime factors of 91838.
2, 47, 977
What are the prime factors of 1651664?
2, 7, 14747
What are the prime factors of 589390?
2, 5, 17, 3467
What are the prime factors of 9746137?
113, 86249
What are the prime factors of 683514?
2, 3, 13, 23, 127
What are the prime factors of 199743?
3, 139, 479
What are the prime factors of 1156939?
7, 3373
What are the prime factors of 1000776?
2, 3, 7, 23, 37
What are the prime factors of 163523?
17, 9619
List the prime factors of 134549.
157, 857
What are the prime factors of 597240?
2, 3, 5, 7, 79
What are the prime factors of 232991?
11, 59, 359
What are the prime factors of 3385926?
2, 3, 188107
What are the prime factors of 1056010?
2, 5, 105601
What are the prime factors of 46677?
3, 15559
List the prime factors of 2814297.
3, 938099
List the prime factors of 2121406.
2, 7, 21647
List the prime factors of 2173113.
3, 89, 2713
List the prime factors of 6661550.
2, 5, 7, 2719
What are the prime factors of 6702524?
2, 1675631
What are the prime factors of 450016?
2, 7, 41
What are the prime factors of 389771?
47, 8293
What are the prime factors of 585156?
2, 3, 11, 13, 31
What are the prime factors of 170888?
2, 41, 521
List the prime factors of 649992.
2, 3, 7, 53, 73
List the prime factors of 626044.
2, 156511
What are the prime factors of 788788?
2, 7, 11, 13, 197
What are the prime factors of 507983?
7, 1481
List the prime factors of 15992398.
2, 29, 103, 2677
List the prime factors of 34659.
3, 3851
What are the prime factors of 236478?
2, 3, 11, 3583
List the prime factors of 2938659.
3, 979553
What are the prime factors of 416955?
3, 5, 7, 11, 19
What are the prime factors of 418239?
3, 46471
What are the prime factors of 127219?
127219
What are the prime factors of 120274?
2, 7, 11, 71
List the prime factors of 30127758.
2, 3, 409, 12277
List the prime factors of 2989712.
2, 11, 16987
What are the prime factors of 13767461?
337, 40853
What are the prime factors of 316478?
2, 229, 691
What are the prime factors of 763894?
2, 193, 1979
What are the prime factors of 34156411?
34156411
What are the prime factors of 326968?
2, 23, 1777
What are the prime factors of 705671?
577, 1223
List the prime factors of 2920763.
1511, 1933
List the prime factors of 40171.
17, 139
What are the prime factors of 316053?
3, 35117
What are the prime factors of 888566?
2, 7, 9067
What are the prime factors of 105863?
105863
List the prime factors of 11002069.
13, 65101
What are the prime factors of 255942?
2, 3, 59, 241
List the prime factors of 191943.
3, 7109
What are the prime factors of 10895171?
7, 1556453
What are the prime factors of 26789?
7, 43, 89
List the prime factors of 331391.
331391
What are the prime factors of 9555487?
9555487
List the prime factors of 168467.
13, 12959
What are the prime factors of 16006911?
3, 17, 19, 16519
List the prime factors of 3807844.
2, 149, 6389
What are the prime factors of 8863726?
2, 509, 8707
What are the prime factors of 14704?
2, 919
What a